 is divided by 44.
42
What is the remainder when 9377078 is divided by 86028?
26
Calculate the remainder when 52663925 is divided by 2091.
2090
What is the remainder when 1823355 is divided by 110?
105
What is the remainder when 231872 is divided by 224?
32
What is the remainder when 7660190 is divided by 32?
30
Calculate the remainder when 258447 is divided by 221.
98
Calculate the remainder when 85416 is divided by 2066.
710
What is the remainder when 70485 is divided by 5771?
1233
Calculate the remainder when 7875399 is divided by 14.
7
What is the remainder when 2687878 is divided by 1343901?
76
What is the remainder when 2315390 is divided by 289422?
14
Calculate the remainder when 303061 is divided by 2914.
5
What is the remainder when 274770 is divided by 1606?
144
What is the remainder when 262067 is divided by 774?
455
Calculate the remainder when 26576628 is divided by 6083.
1
Calculate the remainder when 5687 is divided by 1884.
35
What is the remainder when 129797360 is divided by 54?
44
Calculate the remainder when 125241549 is divided by 434.
433
Calculate the remainder when 1181568 is divided by 6940.
1768
What is the remainder when 9012694 is divided by 77?
75
What is the remainder when 38388428 is divided by 4067?
15
What is the remainder when 27378 is divided by 445?
233
What is the remainder when 35034 is divided by 10750?
2784
Calculate the remainder when 5311786 is divided by 1572.
1570
What is the remainder when 5070404 is divided by 1757?
1459
What is the remainder when 24601 is divided by 4888?
161
Calculate the remainder when 15367461 is divided by 11.
10
What is the remainder when 113788939 is divided by 37929642?
13
Calculate the remainder when 11530724 is divided by 443489.
10
What is the remainder when 108740 is divided by 30?
20
Calculate the remainder when 906045 is divided by 181209.
0
What is the remainder when 13658839 is divided by 2276464?
55
What is the remainder when 26295725 is divided by 8765238?
11
What is the remainder when 488427 is divided by 427?
366
What is the remainder when 201907 is divided by 100854?
199
What is the remainder when 20028 is divided by 1817?
41
Calculate the remainder when 72582 is divided by 410.
12
What is the remainder when 18964 is divided by 567?
253
Calculate the remainder when 66695 is divided by 22217.
44
Calculate the remainder when 8562224 is divided by 1994.
1982
Calculate the remainder when 4932839 is divided by 58.
55
What is the remainder when 24995 is divided by 4624?
1875
What is the remainder when 1082935 is divided by 1528?
1111
What is the remainder when 347773 is divided by 460?
13
What is the remainder when 70184 is divided by 3499?
204
Calculate the remainder when 197643 is divided by 32881.
357
What is the remainder when 366487 is divided by 18?
7
What is the remainder when 771812 is divided by 10?
2
Calculate the remainder when 20458971 is divided by 1657.
1649
What is the remainder when 1188960 is divided by 24264?
24
What is the remainder when 24148386 is divided by 6037085?
46
Calculate the remainder when 4807612 is divided by 31629.
4
Calculate the remainder when 6577159 is divided by 104.
95
Calculate the remainder when 44165877 is divided by 285.
282
Calculate the remainder when 273008750 is divided by 3331.
3321
What is the remainder when 278382 is divided by 138883?
616
What is the remainder when 2806900 is divided by 77?
19
Calculate the remainder when 3087974 is divided by 3087973.
1
What is the remainder when 1256297 is divided by 17448?
41
What is the remainder when 1318737 is divided by 1860?
1857
What is the remainder when 4965109 is divided by 134189?
116
What is the remainder when 4406068 is divided by 3163?
9
What is the remainder when 4428303 is divided by 4428052?
251
Calculate the remainder when 17621019 is divided by 89.
87
What is the remainder when 7340878 is divided by 261?
253
Calculate the remainder when 295858 is divided by 19671.
793
Calculate the remainder when 2308107 is divided by 1177.
10
Calculate the remainder when 987273899 is divided by 657.
656
What is the remainder when 805978 is divided by 11?
8
Calculate the remainder when 8690987 is divided by 413856.
11
Calculate the remainder when 1115660 is divided by 22.
18
What is the remainder when 23433 is divided by 1163?
173
Calculate the remainder when 6907294 is divided by 496.
494
What is the remainder when 96490 is divided by 95763?
727
What is the remainder when 192636 is divided by 41?
18
What is the remainder when 549900 is divided by 274387?
1126
Calculate the remainder when 3638524 is divided by 1093.
1020
What is the remainder when 32798620 is divided by 91361?
21
Calculate the remainder when 1456481 is divided by 34.
23
What is the remainder when 42287 is divided by 90?
77
What is the remainder when 73025214 is divided by 14?
10
What is the remainder when 775010 is divided by 896?
866
What is the remainder when 10608 is divided by 4623?
1362
Calculate the remainder when 60782 is divided by 1453.
1209
What is the remainder when 62231160 is divided by 61?
58
Calculate the remainder when 52581603 is divided by 142.
139
Calculate the remainder when 1901252 is divided by 4225.
2
What is the remainder when 10637878 is divided by 258?
22
What is the remainder when 57382936 is divided by 2289?
2284
Calculate the remainder when 379283 is divided by 2652.
47
Calculate the remainder when 125430 is divided by 7367.
191
What is the remainder when 23689003 is divided by 1251?
67
What is the remainder when 27167 is divided by 880?
767
What is the remainder when 1077992 is divided by 308?
300
What is the remainder when 1952990 is divided by 278963?
249
Calculate the remainder when 85748 is divided by 2275.
1573
Calculate the remainder when 7624493 is divided by 317685.
53
Calculate the remainder when 577572 is divided by 577433.
139
Calculate the remainder when 107946 is divided by 1213.
1202
What is the remainder when 1447720 is divided by 48?
40
What is the remainder when 10930652 is divided by 11131?
10
What is the remainder when 4441101 is divided by 74018?
21
Calculate the remainder when 2765840 is divided by 843.
800
What is the remainder when 39891 is divided by 565?
341
What is the remainder when 1605638 is divided by 17644?
34
What is the remainder when 128023 is divided by 64000?
23
Calculate the remainder when 88526284 is divided by 2421.
2419
Calculate the remainder when 3377182 is divided by 135065.
557
What is the remainder when 4528520 is divided by 429?
425
Calculate the remainder when 29594 is divided by 5859.
299
Calculate the remainder when 356407 is divided by 117607.
3586
Calculate the remainder when 480885 is divided by 40070.
45
What is the remainder when 2480203 is divided by 39?
37
What is the remainder when 2371806 is divided by 2133?
2043
Calculate the remainder when 15583194 is divided by 21.
18
Calculate the remainder when 13459 is divided by 1301.
449
What is the remainder when 186654193 is divided by 7?
5
What is the remainder when 9824 is divided by 7438?
2386
Calculate the remainder when 7179914 is divided by 5067.
5042
Calculate the remainder when 34450701 is divided by 16.
13
What is the remainder when 1240855 is divided by 7804?
19
What is the remainder when 58795263 is divided by 36?
27
What is the remainder when 9622215 is divided by 35506?
89
Calculate the remainder when 1929115 is divided by 23525.
65
What is the remainder when 5980351 is divided by 3483?
40
Calculate the remainder when 9190011 is divided by 2.
1
Calculate the remainder when 1316755 is divided by 9682.
3
What is the remainder when 386117 is divided by 25231?
7652
Calculate the remainder when 443425 is divided by 147775.
100
Calculate the remainder when 1179471 is divided by 11676.
195
Calculate the remainder when 180285 is divided by 59628.
1401
What is the remainder when 605387 is divided by 5714?
5417
What is the remainder when 28286 is divided by 5624?
166
Calculate the remainder when 11809578 is divided by 11809567.
11
What is the remainder when 7107207 is divided by 710717?
37
What is the remainder when 619814 is divided by 592?
582
What is the remainder when 7790180 is divided by 3084?
3080
Calculate the remainder when 1859555 is divided by 136.
27
Calculate the